{"id":309,"date":"2026-03-06T20:07:19","date_gmt":"2026-03-06T19:07:19","guid":{"rendered":"http:\/\/localhost\/knin\/?page_id=309"},"modified":"2026-03-17T17:27:41","modified_gmt":"2026-03-17T16:27:41","slug":"fluority","status":"publish","type":"page","link":"https:\/\/vystava.korba.cz\/index.php\/fluority\/","title":{"rendered":"Fluority"},"content":{"rendered":"<p>V albu fluority najdete lokality jako Harrachov (p\u0159em\u011bn\u011bn\u00fd na skanzen), Vrchoslav, Hradi\u0161t\u011b u Kadan\u011b a Moldavu. Posledn\u00ed t\u0159i lokality nejsou v sou\u010dasnosti p\u0159\u00edstupn\u00e9.<\/p>\nngg_shortcode_0_placeholder\n","protected":false},"excerpt":{"rendered":"<p>V albu fluority najdete lokality jako Harrachov (p\u0159em\u011bn\u011bn\u00fd na skanzen), Vrchoslav, Hradi\u0161t\u011b u Kadan\u011b a Moldavu. Posledn\u00ed t\u0159i lokality nejsou v sou\u010dasnosti p\u0159\u00edstupn\u00e9.<\/p>\n","protected":false},"author":1,"featured_media":0,"parent":0,"menu_order":0,"comment_status":"closed","ping_status":"closed","template":"","meta":{"ngg_post_thumbnail":0,"footnotes":""},"class_list":["post-309","page","type-page","status-publish","hentry"],"_links":{"self":[{"href":"https:\/\/vystava.korba.cz\/index.php\/wp-json\/wp\/v2\/pages\/309","targetHints":{"allow":["GET"]}}],"collection":[{"href":"https:\/\/vystava.korba.cz\/index.php\/wp-json\/wp\/v2\/pages"}],"about":[{"href":"https:\/\/vystava.korba.cz\/index.php\/wp-json\/wp\/v2\/types\/page"}],"author":[{"embeddable":true,"href":"https:\/\/vystava.korba.cz\/index.php\/wp-json\/wp\/v2\/users\/1"}],"replies":[{"embeddable":true,"href":"https:\/\/vystava.korba.cz\/index.php\/wp-json\/wp\/v2\/comments?post=309"}],"version-history":[{"count":2,"href":"https:\/\/vystava.korba.cz\/index.php\/wp-json\/wp\/v2\/pages\/309\/revisions"}],"predecessor-version":[{"id":2018,"href":"https:\/\/vystava.korba.cz\/index.php\/wp-json\/wp\/v2\/pages\/309\/revisions\/2018"}],"wp:attachment":[{"href":"https:\/\/vystava.korba.cz\/index.php\/wp-json\/wp\/v2\/media?parent=309"}],"curies":[{"name":"wp","href":"https:\/\/api.w.org\/{rel}","templated":true}]}}